 -45?
46
In base 3, what is -2200011110 + 10?
-2200011100
In base 2, what is -10 + 1111000010?
1111000000
In base 12, what is -13042 + -2?
-13044
In base 9, what is -4 - 41?
-45
In base 3, what is -10 + -200?
-210
In base 7, what is 11 - 1635?
-1624
In base 7, what is 5 - 1222?
-1214
In base 7, what is 61 + 0?
61
In base 16, what is 28 - -f?
37
In base 4, what is 2130 - -312?
3102
In base 14, what is 0 + 1130?
1130
In base 9, what is -6 + -40?
-46
In base 2, what is 110 - -1000001011?
1000010001
In base 16, what is 5 + 56?
5b
In base 7, what is -31 + 2123?
2062
In base 11, what is 5 - 1612?
-1608
In base 9, what is 5 - 88?
-83
In base 5, what is 122 - -2?
124
In base 4, what is 11 + -10?
1
In base 5, what is 124440 + -10?
124430
In base 3, what is -12 + -1001?
-1020
In base 7, what is 21 + -2?
16
In base 16, what is 37f + e?
38d
In base 13, what is a + -7?
3
In base 8, what is 3742 + 3?
3745
In base 2, what is 1011 + 10001?
11100
In base 10, what is -3 - 3390?
-3393
In base 2, what is -11010 + -10001?
-101011
In base 9, what is -4 + 3212?
3207
In base 3, what is -1 + -1100?
-1101
In base 9, what is 7276 - -1?
7277
In base 11, what is -a - -52?
43
In base 11, what is 2 + -27?
-25
In base 3, what is -11 + -121?
-202
In base 2, what is 1 - -1000000?
1000001
In base 12, what is -1 + 1413?
1412
In base 15, what is 165 + 10?
175
In base 7, what is 3 - -45?
51
In base 14, what is -db + -1?
-dc
In base 5, what is 102 - -202?
304
In base 6, what is -4345 - 2?
-4351
In base 2, what is 100 + 100101111001?
100101111101
In base 2, what is 101010 + 110100?
1011110
In base 5, what is 30 + -131?
-101
In base 5, what is -2 + 1121?
1114
In base 11, what is 2871 + -1?
2870
In base 7, what is 1 - -102?
103
In base 8, what is 15 + 1?
16
In base 9, what is -13421 - -3?
-13417
In base 10, what is 5 - 64?
-59
In base 12, what is 4 + 601?
605
In base 7, what is 10 - 120?
-110
In base 8, what is 46 - 1?
45
In base 7, what is -3 + 560?
554
In base 2, what is -110111011 - 11?
-110111110
In base 12, what is -1068 - -2?
-1066
In base 6, what is 2203 - 2?
2201
In base 3, what is 2110 - 10000?
-120
In base 14, what is -61 + 16?
-49
In base 2, what is 101100 + -11?
101001
In base 13, what is -5 - -362?
35a
In base 9, what is -2 - -117?
115
In base 15, what is -112 - -20?
-e2
In base 9, what is -56 + -2?
-58
In base 7, what is 12 - 15?
-3
In base 13, what is 107a + -4?
1076
In base 2, what is -100011 - 1000?
-101011
In base 15, what is 4 - -20?
24
In base 12, what is -5a - -4?
-56
In base 15, what is 2 - 57a?
-578
In base 7, what is -45 - -5?
-40
In base 13, what is -1 + 373?
372
In base 4, what is 21120 - -103?
21223
In base 15, what is 15b - 4?
157
In base 5, what is -1304 + -1?
-1310
In base 13, what is -12 - -74?
62
In base 11, what is 87 - -2?
89
In base 9, what is 3 + -8?
-5
In base 11, what is -455 + -1?
-456
In base 12, what is 17 + -4?
13
In base 15, what is 6 + 14?
1a
In base 9, what is -463 - -3?
-460
In base 3, what is -10100 - 11?
-10111
In base 12, what is a4 + -2?
a2
In base 15, what is 176a - 3?
1767
In base 10, what is -5809 + -4?
-5813
In base 6, what is 400142 - -5?
400151
In base 2, what is 1001 + -1010000001?
-1001111000
In base 14, what is 0 + -39d?
-39d
In base 9, what is 4 + 1517?
1522
In base 9, what is 4 - 645?
-641
In base 5, what is -1342 - -22?
-1320
In base 15, what is -9 + -125?
-12e
In base 2, what is 10000 - -10010100?
10100100
In base 16, what is -2255 - 3?
-2258
In base 10, what is 4 + -1428?
-1424
In base 4, what is -20 - -11?
-3
In base 3, what is -10 + 1212102?
1212022
In base 2, what is 11 - 1010?
-111
In base 8, what is 3 + -1244?
-1241
In base 2, what is 101010000 - -1?
101010001
In base 13, what is 6 + -53?
-4a
In base 4, what is 1232203 - 3?
1232200
In base 9, what is 4733 - 2?
4731
In base 13, what is -820 - -4?
-819
In base 2, what is -100010000 + 1?
-100001111
In base 5, what is -1223 + -10?
-1233
In base 6, what is -3 - 5151?
-5154
In base 3, what is 111001220 + -12?
111001201
In base 16, what is 7 - c2?
-bb
In base 5, what is 140 - 3?
132
In base 12, what is 280 + 11?
291
In base 8, what is 0 - -311?
311
In base 2, what is 100 + -10111000?
-10110100
In base 3, what is 2 + 12220111?
12220120
In base 10, what is 22 - -9?
31
In base 16, what is 2 + 38?
3a
In base 6, what is -3 + 223?
220
In base 6, what is 30 - -3?
33
In base 5, what is -4 - -1123?
1114
In base 2, what is -100 + 1001011010000?
1001011001100
In base 9, what is 23 + -35?
-12
In base 6, what is 2 + -3?
-1
In base 11, what is a - 2?
8
In base 6, what is 4 + 1201?
1205
In base 11, what is 87 + -24?
63
In base 12, what is 2915 - 2?
2913
In base 15, what is -2 - 23d?
-240
In base 2, what is -101 - 10?
-111
In base 10, what is 236 - -2?
238
In base 8, what is 50 - -5?
55
In base 12, what is 4 - 1911?
-1909
In base 6, what is -154 - 10?
-204
In base 4, what is 1 - -120013?
120020
In base 2, what is -10 + 10110101?
10110011
In base 8, what is -135 + -4?
-141
In base 10, what is 19 - -97?
116
In base 13, what is -8 - 43?
-4b
In base 7, what is -1105 - 1?
-1106
In base 10, what is -11 + -669?
-680
In base 4, what is -11 + -1221?
-1232
In base 5, what is 321 + -130?
141
In base 7, what is -36 + 1155?
1116
In base 2, what is -1001101 - -10?
-1001011
In base 4, what is 223 - 10?
213
In base 9, what is 4 + 136?
141
In base 11, what is 6 + -37?
-31
In base 3, what is 0 + -2201?
-2201
In base 5, what is 0 + -12130?
-12130
In base 14, what is -1392 - -5?
-138b
In base 11, what is -1a10 - -4?
-1a07
In base 15, what is -14a - -8?
-142
In base 16, what is 7 + 3?
a
In base 16, what is 18 - -10?
28
In base 2, what is 10100010 + -1?
10100001
In base 7, what is -4 - 3253?
-3260
In base 11, what is 3 - -9?
11
In base 9, what is 4 + 311?
315
In base 4, what is 3022 - -2?
3030
In base 10, what is 158 - -4?
162
In base 7, what is 626 - -6?
635
In base 3, what is 2 + 20?
22
In base 16, what is -81 - 0?
-81
In base 6, what is -44 - 3?
-51
In base 10, what is -2 + 195?
193
In base 16, what is -8c + 57?
-35
In base 3, what is -20 + 1212?
1122
In base 9, what is 3 + -32?
-28
In base 4, what is -2213 - -123?
-2030
In base 15, what is -1 - -447?
446
In base 7, what is -25 - 2121?
-2146
In base 12, what is 2 + -1548?
-1546
In base 5, what is 10 - 12121?
-12111
In base 13, what is 68 + 1a?
85
In base 12, what is -597 + -3?
-59a
In base 5, what is -202 + 1?
-201
In base 2, what is -1000101 - -10001?
-110100
In base 7, what is 5 - -21?
26
In base 15, what is 1 - -b5?
b6
In base 10, what is -92 + -2?
-94
In base 14, what is -1c + 5?
-17
In base 15, what is 3 + -2a?
-27
In base 11, what is -a + -9?
-18
In base 9, what is -6 - 1?
-7
In base 15, what is 5 - -712?
717
In base 5, what is -223 - -40?
-133
In base 11, what is 2 + a8?
aa
In base 2, what is 101 - 10111100100?
-10111011111
In base 8, what is -2 - -354?
352
In base 9, what is 2273 + -4?
2268
In base 11, what is 0 + 494?
494
In base 2, what is -11 + -1011111010?
-1011111101
In base 11, what is a99 + 0?
a99
In base 13, what is -a3 + -24?
-c7
In base 8, what is -464 - -146?
-316
In base 7, what is -5 - -324?
316
In base 7, what is 2 + -24?
-22
In base 11, what is 8 - 998?
-990
In base 7, what is 1330 + -4?
1323
In base 8, what is 0 - 142?
-142
In base 8, what is -7 - 2160?
-2167
In base 11, what is -12 - -93?
81
In base 7, what is 4 - -115?
122
In base 11, what is a - -84?
93
In base 16, what is -2 - -1e?
1c
In base 3, what is 110 + 201?
1011
In base 16, what is 3ab - b?
3a0
In base 4, what is 330 + -12?
312
In base 5, what is 203 + -4?
144
In base 8, what is -52 + 32?
-20
In base 10, what is 714 - 4?
710
In base 11, what is -32 + -8?
-3a
In base 13, what is 24a + 3?
250
In base 8, what is -240 - -72?
-146
In base 14, what is -1 + 21?
20
In base 16, what is -1c - -342?
326
In base 6, what is 1 + 10?
11
In base 14, what is -83 + -4?
-87
In base 2, what is -1000111 + -111?
-1001110
In base 14, what is -3 - -6b?
68
In base 12, what is 1 - -78?
79
In base 10, what is -1411 - -3?
-1408
In base 10, what is -2984 - 5?
-2989
In base 5, what is 2010 + -13?
1442
In base 10, what is -161 - 7?
-168
In base 16, what is -17e + 1?
-17d
In base 3, what is 1200 - -12?
1212
In base 15, what is 5 + 78?
7d
In base 7, what is 132 - 2?
130
In base 3, what is -11 + 10001?